 (-20)/f.
2, 3
Let m = 33 - -82. Let r = -337 + m. List the prime factors of (-6)/(-10) - r/30.
2
Let z = 12 - 7. Let m = z - -4. List the prime factors of m.
3
Let s(c) be the first derivative of -c**4/4 + 2*c**3 + c**2/2 - c - 3. List the prime factors of s(5).
29
Let d be (-75)/125 + (-1)/(10/(-676)). Let z(i) = i**2 - 6*i + 5. Let f be z(5). Suppose 2*o = g - 11, f*o + 2*o - d = -5*g. What are the prime factors of g?
13
Let q(b) be the third derivative of -b**5/60 + 5*b**4/24 + b**3/3 - b**2. Let g be q(5). List the prime factors of 6*g/(-3)*-1.
2
Let y = 12 + -16. Let r = 20 + y. List the prime factors of r.
2
Let f = 54 + -12. What are the prime factors of f?
2, 3, 7
Let m = 32 + -56. Let k = m - -34. Suppose k = -2*q + 3*q. List the prime factors of q.
2, 5
Let z(m) = 13*m - 51. What are the prime factors of z(8)?
53
Let i(o) = 12*o**2 - 2*o - 1. List the prime factors of i(-2).
3, 17
Let s be 6/(-4) + (-3)/(-6). Let a(x) = 6*x**2 - 3*x - 1. List the prime factors of a(s).
2
Let g = -1 - -4. Let y(v) = v**2 + 4*v. What are the prime factors of y(g)?
3, 7
Suppose 0 = -2*k + 4*k - 4. What are the prime factors of k?
2
Let w be 0/(2 + -2 + 1). Suppose 5*z - 2*z - 15 = w. What are the prime factors of z?
5
Let x = -39 + 86. Suppose -2*f + x = 3*h - f, 5*h - 77 = -f. List the prime factors of h.
3, 5
What are the prime factors of 4 + ((-225)/(-5) - 3)?
2, 23
Suppose -21 = -3*w - 5*u + 10, -4*u = 4*w - 28. Suppose 56 = w*m - 14. Suppose 0 = 2*t + t + b - m, -50 = -4*t - 3*b. List the prime factors of t.
11
Let k(v) = -v + 4. Let f be k(6). Let x = 17 - 7. Let j = f + x. List the prime factors of j.
2
Let x = -10 - -12. What are the prime factors of x/6 + 8/3?
3
Let q = -21 - -48. What are the prime factors of q?
3
Let v be -3*2/(-3) - -22. Suppose -3*d + 12 = 0, 4*x - 8*x + v = 2*d. Suppose 3 = -3*l, -3*a - x*l + 31 = 2*a. What are the prime factors of a?
7
Let r = -83 - -141. List the prime factors of r.
2, 29
Suppose -15*b = -16*b + 45. List the prime factors of b.
3, 5
Suppose 0 = 5*l - 13 - 2. Suppose 23 = -l*q - 4. Let z = -5 - q. What are the prime factors of z?
2
Let x be (-3)/(-6) - (-15)/(-2). List the prime factors of (-172)/(-14) + 2/x.
2, 3
Let l(u) = -u + 11. Let h(t) = -t**2 + 10*t - 9. Let g be h(9). List the prime factors of l(g).
11
Suppose 0*v = 5*k - 3*v - 121, 0 = -2*k + 5*v + 37. What are the prime factors of k?
2, 13
Suppose -3*g = -w + 4, w = 4*w - 5*g. What are the prime factors of (w - -2) + -2 + 24?
19
Let f(c) = 2*c - 3. Let d be 3/((-1)/(-4 - 1)). Suppose 6*h = 3*h + d. List the prime factors of f(h).
7
Let h = 76 - 35. What are the prime factors of h?
41
Let y be 18/(-30) - (-333)/5. Let r = y + -35. List the prime factors of r.
31
Suppose -4*b = 12, -2*i - 3*b = -i + 4. What are the prime factors of i?
5
What are the prime factors of -15*(-1 - (4/12)/1)?
2, 5
Suppose 5*x - 21 = -6. Suppose -x*n = 4*j - 43, 0 = -j + 6 - 2. What are the prime factors of n?
3
Let x(r) = -r**3 + 16*r**2 + 4*r + 14. What are the prime factors of x(15)?
13, 23
Let w(m) = m**3 - 2*m**2 - m + 3. Suppose p = 3*q, 0 + 3 = 2*p - 3*q. What are the prime factors of w(p)?
3
Suppose -3*m + 5 = -1. Suppose -m*i - 14 = -34. What are the prime factors of i?
2, 5
Suppose -18*j + 13*j + 210 = 0. What are the prime factors of j?
2, 3, 7
Suppose -4*n - 5 = 5*c, n = c + c + 15. Suppose -8 = -5*q + 7, n*u + 5*q = 30. Suppose -u*b = b - 24. What are the prime factors of b?
2, 3
Let d = -34 - -70. List the prime factors of d.
2, 3
Suppose -t + 2*t + 22 = 0. Let r(l) = -l**2 - 5*l - 7. Let k be r(-3). Let s = k - t. List the prime factors of s.
3, 7
Suppose 5*x = 7*x - 8. What are the prime factors of x?
2
Let r = 2 - 0. Suppose -16 = -r*u - 2*y, 5*u = 4*u + 5*y + 8. What are the prime factors of u?
2
Suppose 3*u + 0 = 2*h + 10, h + 6 = 2*u. Let a = h + 4. List the prime factors of a.
2
Suppose 2*q = 4*q - 6. Suppose -4*x + 1 = 3*u - 23, 4*x + 4*u - 24 = 0. Suppose 0 = 3*f - 9, 2*j - q*f = f + x. What are the prime factors of j?
3
Suppose 6*k - 2*k = 2*b + 56, -2*b = k + 36. Let z = -15 - b. What are the prime factors of z?
5
Let k(o) be the third derivative of -3*o**2 - 5/12*o**4 + 0 + 0*o + 1/6*o**3 - 1/6*o**5 - 1/120*o**6. What are the prime factors of k(-9)?
2, 5
Suppose -2*b - 5*a = -0*b - 4, 0 = -4*a - 16. Let u be -1*30/(-9)*b. Suppose 4*q + 16 - u = 0. List the prime factors of q.
2, 3
Let l = -102 - -152. Suppose -l = -4*s + 3*s. List the prime factors of s.
2, 5
Suppose 0 = -4*o - 2*o + 618. What are the prime factors of o?
103
Let y = -2 - -7. Suppose -y = -2*l + 25. Suppose -4*t - l = -t, -32 = -3*m + 4*t. What are the prime factors of m?
2
Suppose -2 - 6 = -r. Let c(n) = n - 1. Let q be c(r). List the prime factors of (-5)/(-1) + 14/q.
7
Suppose -3*x = l - 41, -2*x - 3*l - 18 = -50. What are the prime factors of x?
13
Suppose -3*t = 2*t - 510. List the prime factors of t.
2, 3, 17
Suppose 2*m - 3*w = 6, -4*m = -m + w - 31. Let r be ((-2)/(-5))/((-2)/(-10)). Let k = m - r. What are the prime factors of k?
7
Suppose 3*l - 4*l - h + 9 = 0, 2*l - 24 = h. Let n = 38 - l. What are the prime factors of n?
3
Suppose -2*y - 3*f = 2, -4*y - 2*f = -5*f - 32. Suppose -4*i + 84 = 4*s, i - 81 = -y*s + 4*i. What are the prime factors of (-2)/6 + 96/s?
5
Let j(i) = 5*i**3 - 3*i - 3. List the prime factors of j(3).
3, 41
Let n(j) = j - 6. Let m be n(8). Suppose -5*z + z - p + 56 = 0, m*z - 3*p = 28. Suppose -2*x = -2*c + z, -c - 5*x + 4 + 9 = 0. What are the prime factors of c?
2
Let m = -4 + 6. Let n be 23/(-3) - m/(-3). Let w = 11 + n. List the prime factors of w.
2
Let g(b) = -2*b**3 - 2*b - 1. List the prime factors of g(-1).
3
Let q = 38 - -2. List the prime factors of q.
2, 5
Let j be 1*0/((-3)/(-3)). Suppose j = -5*w + 18 + 32. Suppose -2*u + 0*u = -w. What are the prime factors of u?
5
Let a(y) = 5*y + 12. Let v be a(-4). Let u = v - -23. List the prime factors of u.
3, 5
Suppose i + 4 + 13 = 0. Suppose -3*p - 92 = 5*w, -2*p - 43 - 20 = 5*w. Let o = i - p. List the prime factors of o.
2, 3
Suppose 5*v + 2 = 6*v. Let w = v + 31. List the prime factors of w.
3, 11
Suppose 2*k = -k + 12. What are the prime factors of k?
2
Suppose 2*m = 10, 3*m - 36 + 9 = -4*w. List the prime factors of w.
3
Let h = 9 - 7. Let j(n) = 3*n**2 + 2*n - 2. Let q be j(-2). Let u = q - h. List the prime factors of u.
2
Let s(u) be the second derivative of -u**6/80 - u**5/120 - u**4/12 - u. Let o(g) be the third derivative of s(g). List the prime factors of o(-1).
2
Let b = 43 + 186. List the prime factors of b.
229
Let a = 9 - 27. Let d be (14/(-28))/((-2)/(-44)). Let q = d - a. What are the prime factors of q?
7
Suppose 4*h = -3*l + 336, -4*h + 4*l + 277 = -h. List the prime factors of h.
3, 29
Suppose -5*k + 1055 = -x - 193, -9 = 3*x. What are the prime factors of k?
3, 83
Let w(t) = -11*t + 1. Let u be w(-1). Suppose 0 = -3*x - 3*n + u, 4*x - 25 = n + 11. List the prime factors of x.
2
Let g(w) = -3*w**3 + w. Let s be g(-1). Let b be ((2 - s)*-1)/(-2). Suppose -h + 4*c - 3 + 4 = b, 3*h = -2*c + 17. What are the prime factors of h?
5
Let q(w) = w**2 + w - 1. What are the prime factors of q(-5)?
19
Let c(u) = 4*u - 3. Let b be c(5). List the prime factors of b*2*1/2.
17
Suppose -18 = 4*o + 18. Let d = o + 11. List the prime factors of (-2)/(1/(-23)*d).
23
Suppose -32 = -q - 0*q. List the prime factors of q.
2
Let y be (-25)/3 + 2/6. Let i = y - -19. What are the prime factors of i?
11
Let b(m) = -m**3 + 7*m**2 - 6*m + 6. Let u = 8 + -3. Suppose -g + 3*z = 4*g - 30, 5*g = -u*z + 30. List the prime factors of b(g).
2, 3
Suppose 0*w - 10 = -2*w. Let g(k) = k**3 + 11*k**2 + 9*k - 10. Let l be g(-10). Suppose l*y + 2*y + 21 = w*i, 0 = 4*y - 8. What are the prime factors of i?
5
Let w(f) = -3*f + 3. List the prime factors of w(-11).
2, 3
Suppose 0 = 4*q + 4*f - 1204, 0 = 6*q - q - 2*f - 1526. What are the prime factors of q?
2, 19
Let a = 13 - 8. Suppose a*b = 4*b + 10. What are the prime factors of b?
2, 5
Suppose -4*u + 168 = -2*d + 6*d, -d - 3*u + 46 = 0. What are the prime factors of d?
2, 5
List the prime factors of ((-5)/10)/(2/(-424)).
2, 53
Let u = -2 - 2. Let t = u + 5. Let q(y) = 20*y**3 - y**2 - y + 1. List the prime factors of q(t).
19
Suppose 2*r = -5*c + 869, -c + 1